k - 540 - k**3. Calculate n(4).
4
Let i(r) be the first derivative of -r**3/3 - 9*r**2/2 + 5*r + 33. Give i(-9).
5
Let l be 12/2*(-12)/(-6). Let z(b) = l + 22 - 8*b**2 - 33. Calculate z(1).
-7
Let j be (((-54)/(-24))/9*0)/3. Let n(u) = u**3 - u**2 - u - 17. Give n(j).
-17
Let l be (265/35 - 8)/(5/(-35)). Suppose 2*a - 3*m = -2, 2*m - 4 = 3*a - 6. Let h(b) = -b**3 + a*b + 3*b + 3*b**2 - 4*b. Determine h(l).
3
Let s = 1 - -2. Let p(v) = -26 - 3*v - 17 + 46 + 0*v. Give p(s).
-6
Let s(m) = 2 + m**3 - 1 - 3*m + 0*m**2 + 2*m**2. Let i = -25 - -39. Let k = i + -12. Give s(k).
11
Let k(u) = -u + 24. Suppose 20*d - 31*d + 132 = 0. Give k(d).
12
Let o(n) be the third derivative of n**6/360 - n**5/60 + n**4/12 + 10*n**3/3 - 16*n**2. Let a(s) be the first derivative of o(s). Give a(3).
5
Let t(w) be the first derivative of w**4/4 + 4*w**3/3 - 3*w**2 + w + 1. Let z be (-1 - 0)*1 + -4. Determine t(z).
6
Let a(m) = -m**2 + 10*m - 11. Let y(p) = -2*p**2 + 34*p - 22. Let g be y(16). Calculate a(g).
-11
Let w be (16 - 2)*-5*1/2. Let v = 39 + w. Let n(b) = b**3 - 4*b**2 - b + 1. Determine n(v).
-3
Suppose 3*g - 27 = 3. Suppose 5 = 3*p - g. Let s(w) = -1 + w**2 - p*w**2 + 3*w**2 + 5*w. Calculate s(2).
5
Suppose 15*p = 11*p + 5*s, 0 = -5*p - 5*s. Let r(c) = c**3 - 21. Calculate r(p).
-21
Let g = -37 + 65. Suppose 0 = 4*u - 5*u + 4. Let o(i) = -22*i + u*i**2 + 4 - 10*i**2 + i**3 + g*i. Calculate o(5).
9
Let h(b) = -9*b - 13*b**2 + 2*b**2 + 2 - b**3 - 1. Let i(m) = 2*m**2 - 318*m - 5610. Let x be i(175). Give h(x).
-9
Let t(w) = 2 - 110*w + 0*w**3 + w**3 + 97*w - 2 + 11*w**2 - 4. Calculate t(-12).
8
Let n(s) = -s - 1. Let d(p) = p**2 - 11*p - 9. Let r(w) = d(w) - 6*n(w). Suppose -3*b - 4*t + 11 = 0, -b + 6*b - 21 = -4*t. Determine r(b).
-3
Let b(i) = -3*i - 17. Let c = -162 - -157. Determine b(c).
-2
Let s(a) = -a + 15. Suppose -17*y + 44 = -13*y + 4*z, -5*z = y - 31. Determine s(y).
9
Let u(b) = -b**2 + 6*b - 2. Let f be (81/(-54))/(6/(-16)). Determine u(f).
6
Let r = -116 - -113. Let v(d) be the third derivative of d**6/120 + d**5/20 - d**4/12 - 2*d**3/3 + 4*d**2. Give v(r).
2
Let p(r) be the second derivative of -r**5/20 + r**4/2 - 2*r**3/3 + r**2/2 - 331*r. Let g = -4 + 9. Give p(g).
6
Suppose 8 = -3*z + 8. Suppose z = 3*x - 5*w + 3, 21 = -3*x + 6*x + 3*w. Let r(s) = -s**3 + 2*s**2 + 5*s + 3. Give r(x).
-9
Let t(c) = 7 + 4 + 4 - 5 - 4 + c. Suppose 5*a + 28 - 3 = 0. Give t(a).
1
Let h(p) = -p**2 + 11*p - 4. Suppose 0 = -5*d + 5*n + 5, -3*d + 5*n = -2 + 9. Let s(a) = -a**2 + 7*a + 4. Let q be s(d). Give h(q).
6
Suppose 9*m = 11*m - 4. Let h(t) = 4*t + 2*t**2 - 3*t**m + 2*t**2. Determine h(-4).
0
Suppose 2*w + 26 = 3*j + 2, 0 = -2*j + 3*w + 16. Let m = -13 - -14. Let r(s) = -2 + m - 8*s + 8 + s**2. What is r(j)?
7
Let j(c) = c**2 + c - 3. Let w be j(-3). Let d(m) = -46 + 99 + 6*m - 4*m**2 - m**w - 48. Determine d(-4).
-19
Let a(g) = g + 2. Let m be a(-6). Let i be m/12*3*-8. Let u(v) = -v**2 + 7*v + 3. What is u(i)?
-5
Let i = -953 - -962. Let h(u) = u**3 - 8*u**2 - 13*u - 3. Calculate h(i).
-39
Let l be 4/(-28) - (0 - 22/7). Let a(z) = -z + 2. Determine a(l).
-1
Let w(r) = r**3 - r**2 - r + 7. Suppose 25 = 2*u + 6*a - a, 5*u - 48 = 2*a. Suppose 4*b + u = 10. What is w(b)?
7
Let c(x) = -x + 2. Suppose 2*p + 4 = -2*p, 4*g + 5*p + 1 = 0. Let v = g - 10. Let b = 7 + v. What is c(b)?
4
Let c(f) = f**3 + 2*f**2 + 3*f + 1. Let x(q) = 4*q**3 + 7*q**2 + 13*q + 3. Let o = -68 + 70. Let r(z) = o*x(z) - 9*c(z). Give r(-4).
1
Let k(u) = -63*u - u**2 - 70*u + 125*u. Suppose h + 2*h + 18 = 0. Give k(h).
12
Suppose -w - 4 = -3*q, -w + 3 + 1 = 5*q. Let c = q - 2. Let n(p) be the third derivative of p**5/10 - p**4/24 + 273*p**2. Determine n(c).
7
Let h be (-3)/2 - 49/(-2). Let t = h + -16. Suppose 3*w - 16 = -t. Let d(x) = -2*x - 1. What is d(w)?
-7
Let m(o) = o**2 - 8*o - 4. Let r be m(4). Let y = r + 25. Let s(u) = 3*u - 5. Calculate s(y).
10
Let o(c) = -2*c**2 - 13*c - 6. Let w(n) = -2*n + 5. Let g be w(5). What is o(g)?
9
Let k(r) = r**2 + r - 1. Let h(p) = -p**2 + 22*p - 38. Let a be h(20). Calculate k(a).
5
Let t(w) = -w**2 - 3*w - 2. Let p(j) = -4*j - 18. Let r be p(-4). Give t(r).
0
Let t(f) = 390*f + 382*f + 382*f + f**3 - 7*f**2 - 1145*f. Determine t(6).
18
Let u(j) be the first derivative of -9*j**3 - 7445. Let c = -2 + 1. Calculate u(c).
-27
Let p be -9 + 5 - -9*1. Let m be 0/(-4) + 0 - -2. Let c(r) = -r**2 - 2*r**2 - 3 + 0 + 2*r + m*r**2. Calculate c(p).
-18
Suppose 2*o = -2*o + 56. Suppose -2 = -3*q - o. Let d(m) = m**2 + 6*m + 6. Determine d(q).
-2
Let h(u) = u**2 + u - 5. Let k(v) = v**2 - 2*v - 3. Let p be k(3). Let t be h(p). Let o(s) = -s**3 + 5 - 7*s**2 - 3*s**2 + 0*s**2 + 4*s**2 - 4*s. What is o(t)?
0
Let w(o) = -6*o**2 + 3*o + 2. Let h(a) = 5*a**2 - 3*a - 1. Let l(p) = 5*h(p) + 4*w(p). Determine l(5).
13
Suppose -4*n + 2*j = 6*j + 32, 16 = 3*n - 5*j. Let x(o) = -2*o + 4. Let d be x(-6). Let l(s) = 3*s**2 + s**3 + 16*s - 2 - d*s. What is l(n)?
-2
Let s(k) be the second derivative of 2*k**3/3 + 2*k**2 - 7*k + 25. Calculate s(-6).
-20
Suppose 0 = i - 16*o + 19*o + 6, 0 = 2*i + 2*o. Let s(j) be the second derivative of 0 + 1/3*j**i - 7*j + 1/2*j**2. Give s(2).
5
Let t = -14 - -6. Let o(u) be the first derivative of -u**3/3 - 7*u**2/2 + 11*u + 177. What is o(t)?
3
Suppose -6*u - 18 = 42. Let i(r) = r + 16. Determine i(u).
6
Let n = -38 + 43. Let h = -8 + n. Let r(d) = d**2 + 2*d + 4. What is r(h)?
7
Let r(f) = 7193 - 14373 - f**3 + 12*f**2 + 9*f + 7189. Calculate r(13).
-43
Let q(a) = -8*a**3 + a. Suppose -2*w = -3*v - 1 - 7, 2*w + 4 = -3*v. Give q(w).
-7
Let v(y) be the second derivative of 7/6*y**3 + 1/12*y**4 + 0 - y - 1/2*y**2. Suppose 2*h = -4 - 8. Give v(h).
-7
Let q(j) = -j**3 + 2*j**2 + j + 3. Let v be q(-3). Let c(b) = -b**3 + v*b**2 + 3 - 39*b**2 + 0*b**3 + b. Determine c(6).
9
Let x(f) = 11*f**3 - 5*f**2 + 6*f - 6. Let z(c) = c**3 - c**2 + c - 1. Let q(v) = x(v) - 5*z(v). Let i = 76 - 62. Suppose -3*n + i = 11. Give q(n).
6
Let v(b) = b**3 + 10*b**2 + 15*b - 6. Let l be ((-4)/1)/(16/32). What is v(l)?
2
Let k(f) be the third derivative of 0 - 1/24*f**4 + 0*f**3 + 0*f + 19*f**2. Let u be 2/8 + 3/(-12). Give k(u).
0
Let g(w) = -111*w**2 - w**3 - 116*w**2 + 219*w**2. Calculate g(-8).
0
Let j be 15*(30/25)/3. Let o(v) = -30 - 6*v + 30 + 4*v. What is o(j)?
-12
Let m(x) = -2*x**2 - 7*x - 6. Let b be (-272)/(-102)*(-6)/4. Give m(b).
-10
Let w = -1 - 2. Let v be 286/78 + 2/(-3). Let h(m) = -m**2 - 2*m + v*m**2 + m - 3*m**2. Determine h(w).
-6
Let o(l) = -l**3 + 6*l**2 + 8*l + 8. Let s(b) = -b**3 - b**2 + 1. Let x(r) = o(r) - 2*s(r). Let k be (22 - 1)*6/(-18). Give x(k).
-1
Let n(c) = 8*c + 58. Let k(p) = 3*p + 19. Let i(a) = 11*k(a) - 4*n(a). What is i(0)?
-23
Let u(a) = 3*a - 1. Let n be 8 - (1 + 0/2). Suppose 4 = 2*z + 2*z, l + 2*z = n. Let w = -9 + l. Determine u(w).
-13
Suppose 0 = -5*b - 4*v + 3, -3*b = -4*v - 0 + 11. Let q(i) = 14*i + 7. Let d(r) = -21*r - 10. Let f(n) = -5*d(n) - 7*q(n). Calculate f(b).
-6
Let h = -7989 - -7985. Let i(u) be the third derivative of u**5/60 + u**4/4 + u**3/2 + u**2. Give i(h).
-5
Let j(o) = -4*o - 2. Suppose 5*k = 2*x + 35, -3*x + 40 = -6*x + 5*k. Let n be (-2)/(-8) - (-44)/16. Let a = x + n. Give j(a).
6
Let c(k) = -6*k + 3*k - 19 + 21 + 0*k - 11. What is c(-2)?
-3
Let p(b) = -15 + 13 - 2 - 3*b. Let x = -10 + 4. Give p(x).
14
Let q(y) be the third derivative of y**5/20 + y**4/6 + y**3/6 + 40*y**2. Suppose 3*m = m - 5*i - 26, -3*m = -2*i + 1. Determine q(m).
16
Let s(y) = -24*y + 2. Let l(f) = 3*f**3 - 8*f**2 + 5*f - 1. Let q be l(2). Give s(q).
-22
Let s(w) = -6*w**2 - w + 1. Let b be s(1). Let l(x) = -11*x + 12. Let d(r) = -25*r + 26. Let j(i) = -4*d(i) + 9*l(i). Calculate j(b).
-2
Let i(p) = -322*p + 628*p - 319*p - 1 - 32 - p**3 - 11*p**2. Give i(-10).
-3
Let w be -4 + (2324/24 - (-3)/18). Let b(u) = -8 + w*u - 187*u + 95*u. Calculate b(8).
0
Let s(f) = 0 + 5 - 5*f - 2 + 1 - f. Calculate s(10).
-56
Let m(f) = f**3 - 4*f**2 - 5. Let s = -59 + 63. Calculate m(s).
-5
Let a(j) = j**2 + 9*j. Let d = 22 - 9. Let l = 21 - d. Suppose -2*w - 24 + l = 0. Calculate a(w).
-8
Let q(k) = -k - 5. Suppose -2*r = -0*r + 14. Let j(h) = h**3 + 5*h**2 - 15*h - 7. Let x be j(r). Give q(x).
-5
Suppose 8 + 2 = -2*a. Let k(v) be the third